{"id":7,"date":"2021-08-30T17:21:11","date_gmt":"2021-08-30T17:21:11","guid":{"rendered":"https:\/\/fjelltungeilo407.no\/?page_id=7"},"modified":"2021-12-14T19:53:55","modified_gmt":"2021-12-14T19:53:55","slug":"om-oss","status":"publish","type":"page","link":"https:\/\/fjelltungeilo407.no\/","title":{"rendered":"Om oss"},"content":{"rendered":"\n<p>Velkommen til v\u00e5r leilighet i vinterparadiset Geilo.<\/p>\n\n\n\n<p>Leiligheten ligger i sentrum med kort vei til butikker og restauranter. N\u00e6rmeste butikk (Kiwi) er 50 meter unna og har \u00e5pent kl. 7-23. Ogs\u00e5 s\u00f8ndags\u00e5pent.\u00a0<\/p>\n\n\n\n<p>Fransk bakeri p\u00e5 nabobygget Highland Lodge som har \u00e5pent fra tidlig morgen. Bakverkene deres til frokost gir en fantastisk start p\u00e5 dagen.&nbsp;<\/p>\n\n\n\n<p>Om vinteren er det kort vei til langrennsl\u00f8ypene og til shuttlebus som kj\u00f8rer hele dagen mellom alpinanleggene.&nbsp;<\/p>\n\n\n\n<p>Om sommeren er det mange flotte turmuligheter \u00e5 velge mellom i g\u00e5avstand fra leiligheten. Mange muligheter for sykling, b\u00e5de p\u00e5 koselige grusveier og i fjellet.<\/p>\n\n\n\n<p>Geilo er en fantastisk hel\u00e5rs-destinasjon. Om vinteren prepareres det mange mil med langrennsl\u00f8yper, leilighetene v\u00e5re er et godt utgangspunkt til det meste.&nbsp;<\/p>\n\n\n\n<p>Alpinanleggene ligger p\u00e5 begge sider av dalen, shuttlebuss bringer deg enkelt og greit mellom anleggene.&nbsp;<\/p>\n\n\n\n<p>Flere gode spisesteder og butikker i sentrum, bare et par minutter fra leiligheten. Like i n\u00e6rheten ligger Geilojordet, et koselig gammelt tun med utstillinger, utend\u00f8rs-kafe mm.<\/p>\n","protected":false},"excerpt":{"rendered":"<p>Velkommen til v\u00e5r leilighet i vinterparadiset Geilo. Leiligheten ligger i sentrum med kort vei til butikker og restauranter. N\u00e6rmeste butikk (Kiwi) er 50 meter unna og har \u00e5pent kl. 7-23. Ogs\u00e5 s\u00f8ndags\u00e5pent.\u00a0 Fransk bakeri p\u00e5 nabobygget Highland Lodge som har \u00e5pent fra tidlig morgen. Bakverkene deres til frokost gir en fantastisk start p\u00e5 dagen.&nbsp; Om &hellip; <\/p>\n<p class=\"link-more\"><a href=\"https:\/\/fjelltungeilo407.no\/\" class=\"more-link\">Fortsett \u00e5 lese<span class=\"screen-reader-text\"> \u00abOm oss\u00bb<\/span><\/a><\/p>\n","protected":false},"author":1,"featured_media":0,"parent":0,"menu_order":0,"comment_status":"closed","ping_status":"closed","template":"","meta":{"footnotes":""},"class_list":["post-7","page","type-page","status-publish","hentry"],"_links":{"self":[{"href":"https:\/\/fjelltungeilo407.no\/index.php\/wp-json\/wp\/v2\/pages\/7","targetHints":{"allow":["GET"]}}],"collection":[{"href":"https:\/\/fjelltungeilo407.no\/index.php\/wp-json\/wp\/v2\/pages"}],"about":[{"href":"https:\/\/fjelltungeilo407.no\/index.php\/wp-json\/wp\/v2\/types\/page"}],"author":[{"embeddable":true,"href":"https:\/\/fjelltungeilo407.no\/index.php\/wp-json\/wp\/v2\/users\/1"}],"replies":[{"embeddable":true,"href":"https:\/\/fjelltungeilo407.no\/index.php\/wp-json\/wp\/v2\/comments?post=7"}],"version-history":[{"count":3,"href":"https:\/\/fjelltungeilo407.no\/index.php\/wp-json\/wp\/v2\/pages\/7\/revisions"}],"predecessor-version":[{"id":46,"href":"https:\/\/fjelltungeilo407.no\/index.php\/wp-json\/wp\/v2\/pages\/7\/revisions\/46"}],"wp:attachment":[{"href":"https:\/\/fjelltungeilo407.no\/index.php\/wp-json\/wp\/v2\/media?parent=7"}],"curies":[{"name":"wp","href":"https:\/\/api.w.org\/{rel}","templated":true}]}}